 20 is divided by 2 - ((-6)/(-3)*7)/(-2)?
2
Suppose -3*v = -2*u + 145, 143 = 2*u - 0*u - 5*v. Calculate the remainder when u is divided by 19.
17
Let c = 6 + -1. Let f = -1 + c. Let y(x) = x**2 + 15. Calculate the remainder when y(0) is divided by f.
3
Let p = 27 - 15. Suppose -5*w - 3*j + j + 112 = 0, -4*j + 26 = w. Calculate the remainder when 0 + (3 - 2) + w is divided by p.
11
Let k = -119 + 144. Calculate the remainder when k is divided by 14.
11
Suppose u = 3*m - 5 + 22, -2*m - 10 = 0. Suppose 0 = 4*f + 7 - 23. Calculate the remainder when f is divided by u.
0
Suppose o + 0*u - 53 = -u, -3*o + 2*u + 144 = 0. Let z = 403 + -390. What is the remainder when o is divided by z?
11
Suppose 4*n - 40 = -n. Calculate the remainder when 14 is divided by n.
6
Suppose 5*w - 3*w - 830 = 0. What is the remainder when w/25 - (-2)/5 is divided by 7?
3
Suppose 0 = 8*q - 11*q. Suppose 0*t + 2*t = 4*w + 6, q = -5*t + w + 42. Calculate the remainder when 26 is divided by t.
8
Let q(j) = j**2 - j + 2. What is the remainder when ((-36)/(-16))/(3/20) is divided by q(-2)?
7
Let i(y) = y**3 + 5*y**2 + 2*y - 6. What is the remainder when 10 is divided by i(-3)?
4
Let v be (5 - 1) + -1 + -1. Suppose -9 - 27 = -v*l. Calculate the remainder when 53 is divided by l.
17
Suppose d = -4*d + 75. Suppose 0*x = -5*x + d. Calculate the remainder when x is divided by 3.
0
Suppose -4*k + 0*k = -20, 0 = -2*y + 2*k + 50. Calculate the remainder when y is divided by 11.
8
Suppose 60 = -2*b + 198. Suppose -4*y + 47 + 34 = 5*r, b = 5*r + y. What is the remainder when r is divided by 0 + -1 + -1 - -9?
6
Let s(k) = 4*k - 4. Let c be s(-5). Let n = -11 - 3. Let x = n - c. Calculate the remainder when 28 is divided by x.
8
Let l(t) = -t**3 - 8*t**2 - 8*t + 6. Let s be l(-6). Suppose -3*x + 60 = 15. What is the remainder when x is divided by (-141)/s - (-3)/18?
7
Suppose 2*v = 4*v - 24. Let q(g) = -6*g - 1. Calculate the remainder when q(-4) is divided by v.
11
Let j be 12 + -1 - (-4 - -1). Suppose 5*r - 29 - j = 4*w, 3*r = 2*w + 25. What is the remainder when r is divided by 2?
1
Let j(r) = 10*r. Let v(h) = h**2 - 9*h - 12. Calculate the remainder when v(-6) is divided by j(2).
18
Suppose h = -0*h + 8. Let s be (2/(-4))/((-3)/12). Suppose -5*l + 112 = -m, l - s*m = -4*l + 114. What is the remainder when l is divided by h?
6
What is the remainder when (-2320)/(-56) + (-4)/(-7) is divided by 15?
12
Suppose -3*n + 45 = -33. Suppose 50 = -5*c + 5*r, 2*c + 3*r - r + 16 = 0. Let t = c + n. Calculate the remainder when t is divided by 9.
8
Suppose -x + 2*x = -3, -4*p + 2*x - 178 = 0. Let d = -32 - p. Calculate the remainder when 41 is divided by d.
13
Let u(b) = -b**3 - 6*b**2. Let s be u(-6). Let p(q) = 0 + 2*q + 7 + s + 3*q. What is the remainder when p(6) is divided by 13?
11
Let h be 132/9*(-3)/(-2). Suppose l - h = -l. What is the remainder when 32 is divided by l?
10
What is the remainder when (1 - 2)*(-26 + -1) is divided by 0 - (-13 + -2 + 1)?
13
Suppose -3 = 2*z - 31. Let v be (1 - 1) + (1 - -1). Suppose -3*n + 44 = 5*m - n, -5*m + v*n = -36. Calculate the remainder when z is divided by m.
6
Let m = 8 + -14. What is the remainder when (-1)/((m/(-15))/(-2)) is divided by 3?
2
Suppose -2*f - 10 = -2*i - 4, -5*i - 4*f = -42. What is the remainder when 23 is divided by i?
5
Suppose -34 = -4*t + 106. Suppose 6*v - v = t. What is the remainder when 20 is divided by v?
6
Suppose 2*h = -2*t + 184, 3*h + 5*t - 376 + 108 = 0. Calculate the remainder when h is divided by 33.
30
Suppose 3 + 17 = 4*m, 25 = 4*z + 5*m. Suppose z = 2*n - 5*w - 46, 3*w = 2*n + 3*n - 77. What is the remainder when n is divided by 7?
6
Let g be (14/4)/((-3)/(-6)). Let x(a) = a - 5. Let f be x(9). Suppose -4*p + f*n = -67 + g, -5*n + 21 = 3*p. What is the remainder when p is divided by 7?
5
Suppose 0 = -5*v - 0*v - 90. Let g = 34 + v. Calculate the remainder when g is divided by 9.
7
Let c = -203 + 121. Let l = c + 185. Let n = -62 + l. Calculate the remainder when n is divided by 14.
13
What is the remainder when 55 is divided by (2 + -1)*(32 + -13)?
17
Suppose 2*y + 42 = 3*u + 5*y, -4*u + 52 = 3*y. Calculate the remainder when 38 is divided by u.
8
Let x(j) = -2*j - 2. Calculate the remainder when 1*(3 - (2 + -4)) is divided by x(-3).
1
Suppose -2*j + 101 = -3*q, -7 - 40 = -j + 5*q. What is the remainder when j/2 + -6 + 5 is divided by 9?
7
Let k(a) = -9*a**3 + 2*a**2 - 1. Let z be k(1). Let l = 25 + z. Let y = 16 - 7. Calculate the remainder when l is divided by y.
8
Let s(i) = -20*i + 3. Let x be s(-3). Suppose 0 = -0*f - 3*f - x. Calculate the remainder when f/2*8/(-6) is divided by 8.
6
Let j(b) = -b. Let z be j(-4). Suppose -z*f - 27 + 459 = 0. Suppose -3*a + 3 + f = 3*t, 0 = -t + 2*a + 49. What is the remainder when t is divided by 14?
13
Suppose 0 = 2*z - 15 - 1. Let u(f) = -f**3 + 3*f**2 + f + 2. Let j = -1 + 4. Calculate the remainder when z is divided by u(j).
3
Let n(c) = 59*c**2 + c - 1. What is the remainder when n(1) is divided by 30?
29
Let p(b) be the first derivative of 7*b**3/3 + 3*b**2/2 + b - 1. What is the remainder when 89 is divided by p(-2)?
20
Let n(z) = 6*z + 2. What is the remainder when 40 is divided by n(2)?
12
Let f = 234 + -156. Calculate the remainder when f is divided by 41.
37
Let f = -13 + 8. Calculate the remainder when f/((-29)/14 + 2) is divided by 18.
16
Let a(q) be the third derivative of q**5/60 + q**4/4 + 2*q**3/3 - 4*q**2. Let m be a(-6). Let n = m + 72. What is the remainder when n is divided by 26?
24
Suppose -4*d + 5*q + 55 = 0, -d - 4*q = 4*d - 79. Suppose 0 = -u + 2 + 1. Suppose -74 = -u*j + 10. Calculate the remainder when j is divided by d.
13
Suppose 20 = -2*x + 100. Suppose -2*b = -5*n + 6 - 24, 4*b = 4*n + 48. What is the remainder when x is divided by b?
12
Let u = 61 - 58. What is the remainder when u is divided by (1 + -1 + 1)/1?
0
Let j = -10 - -14. Suppose 5*g = 8 + 7. Suppose g*o - 2*y = 23, -4*y - 40 = -5*o + y. Calculate the remainder when o is divided by j.
3
Calculate the remainder when 88 is divided by (6/21 - 165/14)*-4.
42
Let s(u) = 4*u**2 - 20*u - 6. Calculate the remainder when (1 + 2)*23 + 1 is divided by s(6).
16
Suppose 0 = 2*l - 3*p + 2*p - 24, p = 4*l - 48. Suppose -2*s = -4*s + l. What is the remainder when 10 is divided by s?
4
Suppose -y - 1 = -5. Suppose -17 = -y*c - 5. Suppose -47 = -5*h + c. What is the remainder when 18 is divided by h?
8
Let f = 38 - 23. Suppose 14*i - 74 = 52. What is the remainder when f is divided by i?
6
Let x = 18 - 12. What is the remainder when 10 is divided by x?
4
Let b be (-2)/(-4) + 9/6. Let h(z) = 6*z**3 - 2*z**3 - z**3 - 2*z**b + 1. What is the remainder when 33 is divided by h(2)?
16
Let p(r) = 2*r - 39. What is the remainder when 14 is divided by p(21)?
2
Suppose -c - 3*c + 8 = 0. Suppose c*j - j = 4*v + 10, -5*j - 3*v + 96 = 0. Calculate the remainder when 4/8 + (-69)/(-2) is divided by j.
17
Suppose -3*t + 3 = -2*t. What is the remainder when 13 is divided by t?
1
Let g = 24 + -19. Calculate the remainder when 12 is divided by g.
2
Let h = -11 + 7. Let l be 1/2*h - -7. Suppose 0 = 3*a + 3*s - 126, -3*s - 108 = -l*a + 94. Calculate the remainder when a is divided by 21.
20
Suppose -c + 12 = -10. Let m = 9 - 1. Calculate the remainder when c is divided by m.
6
Let k be -1*(-10)/4*6. Suppose 0 = -2*u + 5*u + k. Let n(y) = y**3 + 4*y**2 - 6*y + 2. Calculate the remainder when n(u) is divided by 3.
1
Let p(g) = 5*g**3 - 5*g**2 + 8*g - 3. Let v(h) = 9*h**3 - 10*h**2 + 15*h - 5. Let w(n) = 11*p(n) - 6*v(n). What is the remainder when 61 is divided by w(-4)?
19
Suppose -f - 2 = 4*k - 6*f, 0 = 3*k + 4*f - 14. Calculate the remainder when 2*(-6)/4 - -10 is divided by 0 + k - (1 + -3).
3
Suppose p - 2*p = 3, 0 = -f + 2*p + 20. What is the remainder when f is divided by 5?
4
Suppose -4*z + 0*z = -44. Calculate the remainder when 19 is divided by z.
8
Let a(n) = -n**2 - 9*n - 1. Let o be a(-9). Suppose 3*m - 81 = 120. Calculate the remainder when m is divided by 1 + (-2 - (-23 + o)).
21
Suppose -3*t + 8*t - 25 = 0, f + 4*t = 17. What is the remainder when (52/6)/((-2)/(-6)) is divided by 7*((-1 - -6) + f)?
12
Let j be 0*(0 + 3/6). Suppose -l = -v - j*l + 24, 4*l = -4*v + 56. What is the remainder when v is divi